nder when l is divided by u.
2
Let d = 43 + -23. Let x(t) = -68*t + 2. Let i be x(-2). Suppose -2*y - 20 = -i. Calculate the remainder when y is divided by d.
19
Let z = 5 - 1. Suppose 0 = -c + 2, -5*n - 5*c + 8 = -172. Suppose -5*k = -z*k - n. What is the remainder when k is divided by 12?
10
Let l(y) = y**3 + 7*y**2 + 7*y + 3. Let q = -845 + 906. What is the remainder when q is divided by l(-5)?
7
Let y = 432 + -373. Let m be 2/4 - 402/(-4). Let t = m - y. What is the remainder when t is divided by 15?
12
Suppose 4*u = 33 - 13, -55 = -5*m - u. What is the remainder when (-1)/((-1)/25*1) is divided by m?
5
Suppose -r - f + 19 = 0, 4*r + f + 0*f - 82 = 0. Calculate the remainder when 119 is divided by r.
14
Suppose -12*s = -40 - 248. Calculate the remainder when 47 is divided by s.
23
What is the remainder when 1052/22 + -1 - (-14)/77 is divided by 25?
22
Let o(r) = -r**3 + 7*r + 1. Calculate the remainder when o(-5) is divided by 759/24 - 141/(-376).
27
Suppose 33 = -r + 3*h, r + 4*r - 4*h + 121 = 0. Calculate the remainder when 77 is divided by (-72)/r + -3 + 327/21.
13
Suppose -2*u + 3*i = -44, 4*u - 5*i - 67 = u. What is the remainder when 125 is divided by u?
11
Let m be (-2)/5 - 382/(-5). Suppose -4*l - 43 - 137 = 0. Let z = m + l. What is the remainder when z is divided by 8?
7
What is the remainder when 154 is divided by (1/2)/(10/1220) - 1?
34
Suppose -12 = -2*i - 2*d, -i + 2*d + 8 = d. Let t(q) = -q**3 + 8*q**2 - 3*q - 17. What is the remainder when t(i) is divided by 5?
1
Let h(m) = -m**3 - 6*m**2 + 7*m - 9. Let w be h(-7). Let q = w - -11. Suppose -q*i - 80 = -6*i. What is the remainder when 37 is divided by i?
17
Suppose 2*f - 29*f + 1836 = 0. Let c = -1 - 22. Let n = -9 - c. Calculate the remainder when f is divided by n.
12
Let q(x) = -3*x - 4. Calculate the remainder when q(-5) is divided by (-57 - -60)*(-1)/3*-3.
2
Let i be 20/8*(12 - 4). Suppose 5*j = j + i. Let p(s) = -s**3 + 6*s**2 - 3*s - 2. Calculate the remainder when 13 is divided by p(j).
5
Suppose 15 = 2*d + 5. Suppose 0 = -10*x + 286 - 106. Calculate the remainder when x is divided by d.
3
Let f be 2/6 - (-106)/(-3). Let n = -29 - f. Calculate the remainder when 18 is divided by n.
0
Suppose -1060 = 10*l - 11*l - 3*r, -l + 3*r = -1060. Calculate the remainder when l is divided by 71.
66
Suppose 0 = -4*i + 566 - 42. Suppose -i = -2*r - 15. What is the remainder when 31 is divided by r/8 - 24/(-32)?
7
Let s = 648 - 638. What is the remainder when 36 is divided by s?
6
Suppose -3*d = -2*f - 7*d + 48, 3*f + 3*d - 63 = 0. What is the remainder when f is divided by (-1)/(((-14)/(-70))/(-2 + 1))?
3
Suppose -2*q + 58 = 2*m, 127 = 5*m + 15*q - 19*q. Calculate the remainder when m is divided by (-19)/(-3) + (-4)/12.
3
Let v = 14 + -9. Suppose d = v*z + 18, -2*d = -7*d + 5*z + 50. What is the remainder when -1*(0 + -24 + 2) is divided by d?
6
Suppose -274 = -7*z + 412. Calculate the remainder when z is divided by 43.
12
Let j(t) = t**3 + 5*t**2 - 5*t - 6. Suppose 3*z - 8*z - 132 = -2*x, 4*x - 2*z - 232 = 0. What is the remainder when x is divided by j(-5)?
18
Suppose -6*o - 4*o + 40 = 0. Let n = -86 + 144. What is the remainder when n is divided by o?
2
Let b = -2029 - -2052. What is the remainder when 963 is divided by b?
20
Let a = 48 + -45. Let g = 28 - a. What is the remainder when 49 is divided by g?
24
Let w = -646 + 804. What is the remainder when w is divided by 8?
6
Let s(t) = -2*t - 1. Let m be s(4). Let i = -9 - m. Suppose 3*j + i*j - 76 = 4*w, w = -5*j + 119. Calculate the remainder when j is divided by 13.
11
Let j(d) = -d + 10. Let t be j(-19). Suppose 0 = -l + t + 15. Calculate the remainder when l is divided by 23.
21
Let d(u) = 3*u - 1. Let k be d(-1). Let o = 7 + k. What is the remainder when (21 - (1 - -15))*6/5 is divided by o?
0
Let d = -143 + 152. Calculate the remainder when (-2)/6 + (-438)/(-18) is divided by d.
6
Let r(u) = u - 3. Let j be r(17). Suppose 0 = 7*g - j*g + 140. Calculate the remainder when g is divided by 12.
8
Let f(t) = -t**2 - 11*t + 290. Calculate the remainder when 402 is divided by f(-21).
2
Let p = -215 - -264. Calculate the remainder when p is divided by 17.
15
Let a = -265 + 295. Calculate the remainder when 115 is divided by a.
25
Calculate the remainder when 11 is divided by 13/((-156)/16)*(-15)/4.
1
Suppose -145*x + 169*x = 240. Calculate the remainder when 156 is divided by x.
6
Suppose 4*x = -d + 34, -3*x + 1 = -11. Suppose -12*t - d = -14*t. What is the remainder when 25 is divided by t?
7
Suppose -168 + 24 = -3*q. Let p(f) = -f**2 - 15*f - 32. Calculate the remainder when 5/(15/q) - 1 is divided by p(-12).
3
Let k(w) = 22*w - 22. Let l be k(4). Suppose 5*n + 2*g - 357 = 0, 5*g = 5*n - l - 284. Calculate the remainder when n is divided by 18.
17
Let p(s) = -s**3 + 22*s**2 - 17*s + 35. Let r(d) = -d**3 + 21*d**2 - 17*d + 34. Let z(h) = 6*p(h) - 7*r(h). What is the remainder when 82 is divided by z(14)?
12
Let a(n) = 4*n + 13. Let p be a(-4). Suppose -4*h - t = 3*t - 272, 2*h - 134 = -3*t. What is the remainder when h is divided by p*(-5)/45 - (-142)/6?
22
Suppose 3*v - 5*u - 6 = -2, 0 = 3*v + 3*u - 36. Suppose h = -h + v. Calculate the remainder when 56 is divided by (-11 - -9)*(-58)/h.
27
Suppose 3*f = -5*q + 54 + 94, -4*f + q = -228. Calculate the remainder when 278 is divided by f.
54
Suppose -210 = -50*w + 45*w. What is the remainder when 121 is divided by w?
37
Suppose -p - 4*p = 0. Suppose -7*v + 73 + 32 = p. Suppose -3*h + 0*m - m = -v, -5*h + 4*m = -8. Calculate the remainder when h is divided by 4.
0
Let g(i) = i + 1. Let l(q) = q**3 - 4*q**2 + 2*q - 2. Let c = -20 - -24. What is the remainder when g(6) is divided by l(c)?
1
Let x = 10 - 14. Let l = x - -8. What is the remainder when 14 is divided by l?
2
Let i be 574/(-182) - 4/(-26). Let v = 21 - i. Calculate the remainder when 69 is divided by v.
21
Let d(i) = 17*i - 30. Calculate the remainder when 528 is divided by d(7).
83
Let b = 25 - 23. What is the remainder when (b - 1 - 41)*44/(-55) is divided by 6?
2
Let a(d) = -6*d - 26. Calculate the remainder when 54 is divided by a(-11).
14
Let z = 46 - -42. Suppose 3*n + z = 5*n. What is the remainder when 85 is divided by n?
41
Let n(b) = -b + 14. Suppose 2*r - 4*v = 0, -3*v + 5*v = -4*r + 30. Calculate the remainder when 23 is divided by n(r).
7
Let x(f) = 13*f**2 + 8. Let t be x(8). Suppose t = -8*s + 4*s. What is the remainder when s/12*(-2 + 0) is divided by 10?
5
Let b(x) = 11*x**2 - 6*x. Let k = -37 - -49. Calculate the remainder when b(2) is divided by k.
8
Suppose -v = 4*z - 258, -4*v + 2*z + 880 + 170 = 0. Let x = v - 105. Calculate the remainder when x is divided by 16.
13
Calculate the remainder when 230 is divided by (6/12)/(1/66).
32
Let r(u) = u**2 - 6*u - 140. Calculate the remainder when 279 is divided by r(-10).
19
Suppose -i + 67 = 2*i - 5*s, 47 = 3*i + 5*s. What is the remainder when 146 is divided by i?
13
Suppose -2*i = -11*i - 18. Let q(m) = -7*m + 5*m**2 - 1 - 3*m**2 + 8*m. What is the remainder when q(i) is divided by 3?
2
Calculate the remainder when 84/12 + (128 - -2) is divided by 28.
25
Let v(a) = -a**2 - 7*a + 6. Let u be v(-6). Let h = u + -2. What is the remainder when 18 is divided by h?
8
Let p(b) = -b**3 - 7*b**2 + 4*b - 8. Let k = -15 + 56. Suppose 5*u + 0*u = -3*t + 7, 5*t = -u + k. What is the remainder when p(-8) is divided by t?
6
What is the remainder when -1*1/3 + 25984/336 is divided by 47?
30
Let g be 370/70 + (-2)/7. Let d(i) = -2*i**3 - 2*i**2 - 3*i - 3. Calculate the remainder when d(-2) is divided by 11 - (-1 + 0 + g).
4
Suppose 13 = -w + 18. Suppose 11*y + 8 = 15*y. Suppose 0 = i + 4*l - 24, -3*l + 15 = y*i - 6*l. What is the remainder when i is divided by w?
2
Calculate the remainder when 474 is divided by 57/114 + 135/2.
66
Suppose 4*p - 52 = -4*t, -t + 67 = 5*p + 10. What is the remainder when 119 is divided by p?
9
Suppose 306 = 50*u - 32*u. Calculate the remainder when 95 is divided by u.
10
Suppose -6*u + 396 = 48. Calculate the remainder when 169 is divided by u.
53
Suppose 2*a = 5*l - 47, -3*l - 44*a + 41*a = -45. Calculate the remainder when 16 is divided by l.
5
Let s(c) = -2*c + 5. Let l be (-5)/10*2 - 1/1. What is the remainder when 43 is divided by s(